
Suppose -178689 = 37*n - 44*n. Suppose -43*y = -46*y + n. Is y prime?
False
Let g = 1406 - -53415. Suppose -3*f + g = f - 5*l, f - 13697 = 4*l. Is f a composite number?
False
Suppose 5779299 + 3233704 = 159*f - 6080708. Is f a prime number?
False
Suppose 292*y = 299*y - 1016274. Suppose y = 168*b - 162*b. Is b composite?
False
Suppose -121*a + 120*a + 4*k = -167774, 335566 = 2*a + k. Is a a composite number?
True
Suppose -1943364 = 964*l - 976*l. Is l a composite number?
False
Is (-1220782)/(-8) + 495/(-308) + 36/42 composite?
False
Suppose -79*k = 2156346 - 6328099. Is k prime?
True
Is 7/4 + (-285679845)/(-1188) a composite number?
False
Suppose 32*q - 968612 = -15*q + 1481733. Is q prime?
False
Suppose 2*w + 2*w - 108 = 0. Suppose 4*m = 5*p - 0*m - 354, 3*p - 3*m = 213. Let o = p + w. Is o a prime number?
True
Let r be -6 + 0/(4/(-1 + -1)). Let k(q) = 23*q**2 + 3*q - 23. Is k(r) a prime number?
True
Let r = 230 + -235. Let c(i) be the second derivative of i**4/3 + i**3/2 - 11*i**2/2 - i. Is c(r) a prime number?
False
Let b be 3 + 2/4*4. Suppose 2*f - 7*f + 2834 = 2*n, -2*f + 7127 = b*n. Suppose l = 5*t - 2340, -3*t + l = 5*l - n. Is t a composite number?
True
Let m = -9 + -3. Let g = 14 + m. Suppose g*h = -2*k + 254, 127 = h + 3*k - 0*k. Is h a composite number?
False
Let y(r) = 272*r - 27. Let i(j) = 3*j + 3. Let x be i(2). Suppose 0*t - 45 = -x*t. Is y(t) a composite number?
True
Suppose -5*r + 24 = 9. Let a(p) = 65 + 2*p**2 - 60 + p**2 + 22*p**3 - 5*p - 2*p**r. Is a(4) a composite number?
True
Let r be 22/(-110) + ((-45592)/(-10) - 2). Let u = -712 + r. Is u composite?
True
Suppose 0 = 37*p - 838 + 246. Suppose -30768 = -p*u + 37024. Is u composite?
True
Let g(c) = 78*c + 4. Let a(j) = -157*j - 7. Let f(s) = -2*a(s) - 5*g(s). Let h be f(-11). Suppose -4*r = -5*d - 664, -r = 4*r + 5*d - h. Is r a prime number?
False
Suppose p - 3416 = -2*r - 3*p, -3*r - 4*p + 5124 = 0. Suppose -2*o + 10536 = -r. Is o a prime number?
False
Let z = 30846 - 9407. Is z a composite number?
True
Let d(n) = 2*n**2 + 13*n + 6. Let r be d(-6). Suppose r = -5*x - 4*a + 14067, -a = -3*a - 4. Is x composite?
True
Suppose 6 + 0 = -2*j, -4*q - 3 = 5*j. Suppose 3*l - 1777 - 2894 = -3*i, 0 = q*i + l - 4675. Is i a prime number?
True
Let t(c) = 9267*c - 2338. Is t(55) prime?
True
Let i(n) = n**2 + 14*n + 5. Let q be i(-18). Let l = q + 374. Is l prime?
False
Let v(g) = -450*g + 21. Let y be v(5). Let o be (43/(-2))/(1/(-204)). Let c = y + o. Is c prime?
False
Suppose -29*g + 129279 = -1736320. Is g a prime number?
False
Let d(z) = 20241*z**2 - 23*z - 21. Is d(-1) a composite number?
True
Let j = 375 + 7954. Is j a prime number?
True
Let d(j) = j**3 + 81*j**2 - 260*j + 217. Is d(-84) prime?
False
Suppose -q - 5*r = -25, 9*q = 4*q - 3*r + 37. Suppose -q*d - 7322 = -y, -4*d - 39140 = -4*y - 9932. Is y a composite number?
False
Let z be (-155280)/72*(0 + 3)*3. Let t = -571 - z. Is t a prime number?
True
Let n = -40 + 67. Suppose -6*f + 57 = -n. Is ((-1294)/8)/(f/(-56)) composite?
False
Let g(h) = -2*h + 1. Let y be (-4)/(-10) + ((-70)/(-25))/(-7). Let a be g(y). Let t(c) = 129*c**3 - 6*c**2 + 5*c - 1. Is t(a) composite?
False
Let s(i) = -793*i**3 + i**2 + 4*i + 7. Is s(-3) composite?
True
Let c = 90989 + -52950. Is c a composite number?
False
Let o be (-114)/(-21) + -1 + 48/84. Suppose 2 + 14 = 3*u - n, -o*u + n + 24 = 0. Is (1/(-1))/u - (-5861)/4 composite?
True
Let o(b) = 6*b**3 - 37*b**2 - 5*b - 43. Let m be o(27). Suppose -2*d + 25383 = -m. Is d prime?
False
Let d = -86042 + 171733. Is d a composite number?
False
Suppose 0 = 3*q + 5*w - 29, q + 4*w + 0 = 19. Suppose 2*a - 5*a = q*v - 8781, 4*v = -16. Is a composite?
True
Let m(b) = -6*b**3 - b - 1. Suppose -4*u - 12 = -8. Let q be m(u). Suppose 921 = q*l - 3*l. Is l a composite number?
False
Let y = 93 + -193. Let p = 1082 + y. Suppose 19*s + p = 21*s. Is s prime?
True
Let m be 8/(-12)*(1 + -4). Suppose 0 = 3*a - 4*v + 50, m*a - v = 6*a + 35. Let c = a + 21. Is c a composite number?
False
Suppose 0 = 451*u - 458*u - 35. Is (u + 6)/(5/29695) prime?
True
Is (-306)/510*1267685/(-3) a prime number?
True
Let s(x) = 27*x**2 - 9*x - 11. Let m = -12 - -25. Suppose 8*l - m*l = -35. Is s(l) composite?
False
Let w(g) = -39*g - 3521. Let b(o) = 80*o + 7041. Let z(l) = 3*b(l) + 5*w(l). Is z(0) prime?
False
Suppose 3*p = 2*l + 347165, 267*p + 5*l + 578610 = 272*p. Is p composite?
True
Let c(r) = 99318*r**3 + 2*r**2 - 1. Let u be c(1). Suppose u = 211*z - 200*z. Is z prime?
True
Suppose -4*d - 4*o + 1456684 = -6*o, -5*d - 3*o = -1820855. Is d a composite number?
False
Let j(m) = -841*m**3 + 2*m**2 + m. Let h be -1 + 5 + -2 + -3. Let b be j(h). Suppose -2*d - 80 = -b. Is d composite?
True
Let n = -216 + 219. Suppose -n*y + 3033 = -3*k - 1896, 2*y - 3286 = -2*k. Is y a prime number?
False
Suppose -243989 = -2*i + 86*k - 89*k, -243979 = -2*i - 5*k. Is i composite?
True
Suppose 1026 - 1074 = -4*s. Suppose r - 14*c + s*c - 3665 = 0, 15 = -5*c. Is r a prime number?
True
Suppose 26 - 2 = 8*o. Let k be (-1 - 1)/(2/(-5)). Suppose -k*q + 1192 = o*q. Is q composite?
False
Let n = 432 + -429. Let y(c) = -135*c - 3. Let q(x) = 203*x + 4. Let d(w) = -5*q(w) - 8*y(w). Is d(n) a composite number?
False
Let o(r) be the third derivative of -r**6/120 + 11*r**5/60 - 5*r**4/24 - 38*r**3/3 + 249*r**2. Is o(-21) a composite number?
True
Let l(s) = 2*s**2 - 3*s + 37. Let q(a) = -10 - a**2 - 4*a - 8*a + 5*a. Let k be q(-8). Is l(k) prime?
True
Suppose 5*z - 2*w - 3413 = 1663, 0 = -2*z - 3*w + 2019. Suppose -5*r - 5 = -0, 2*r = 4*d - z. Is d a prime number?
False
Let o(x) = 361*x**2 + 40*x + 2. Let b(j) = -32*j + 323. Let l be b(10). Is o(l) prime?
True
Suppose -36*z = -41*z + 97370. Suppose -9740 = -2*q + i, -z = -3*q - q + 5*i. Is q prime?
True
Let l(z) = z**3 - 17*z**2 - 15*z - 43. Let j be l(18). Let p(b) = 1375*b - 358. Is p(j) composite?
False
Let z(c) = -c**3 - 3*c**2 - 9*c - 8. Suppose 0 = -k - k + 4*o + 8, -2 = -2*k + o. Suppose 0 = -4*s - 3*m - 13, 4*s + 33 = -k*s + m. Is z(s) composite?
False
Is (2076886/6 - (-5)/15)*26/104 prime?
False
Let p = 384 - 344. Suppose -p*h + 9235 = -35*h. Is h composite?
False
Let k = 1680 + -1002. Suppose -5*b = -k - 1777. Is b composite?
False
Suppose -1463*j + 172623 = -1452*j. Is j a prime number?
False
Suppose -9*d + 158599 - 41527 = 0. Let y = d - -3595. Is y composite?
False
Let d(x) = 518846*x**2 - 314*x + 313. Is d(1) composite?
True
Let l(d) = 3534*d + 55 - 14 - 34. Is l(4) composite?
False
Let m be 3 + (-1973146)/(-21) - 1/3. Suppose -13*q - 9*q + m = 0. Is q a prime number?
True
Suppose -4*i = -26*u + 27*u - 6238973, -2*u = 5*i - 7798723. Is i a prime number?
False
Suppose -54*z - 3123775 + 4128072 = -5445841. Is z composite?
False
Let v = 106564 + -49794. Suppose 7*r - v = -3*r. Let x = r - 296. Is x prime?
True
Suppose -206 = -7*s - 38. Let n = -20 + s. Is (19902/4)/3 + (-6)/n prime?
True
Let b(j) = 11062*j - 795. Is b(7) a composite number?
True
Let j(h) = -h**3 + h**2 - 44*h + 5833. Is j(0) composite?
True
Let o(u) = 26*u + 9. Let m be (-36)/(-54) + 74/6. Suppose m*j - 38 = 131. Is o(j) a prime number?
True
Let q = 11487 + 14254. Is q prime?
True
Let z = 20 + -22. Let h(c) be the first derivative of -17*c**4/4 - c**3/3 + c**2 - c - 1. Is h(z) composite?
False
Suppose -42*z + 3278802 = -15*z + 696225. Is z a composite number?
False
Suppose 7*r - 2310 = -14*r. Suppose -3*w + 707 = 2*h, 2*w + 2*h = 364 + r. Is w a prime number?
True
Let d(t) = -2*t - 36. Let q be d(-17). Let s be (-1 + -5)*20/(-30). Is s + q - (5 + -626) a composite number?
True
Let r = 5 + -12. Let q(x) = 17*x**2 - 5*x - 13. Let o be q(r). Let h = 2366 - o. Is h a prime number?
True
Let n be ((-6)/(-4))/((-8)/((-2080)/(-15))). Let a = 21 + n. Is 1/((-4)/24*(3 + a)) a composite number?
False
Let v(d) = -3*d**2 + d + 10. Let a be v(2). Suppose a*y - y = 2*h - 705, 3*y - 2119 = -2*h. Is y a composite number?
True
Let x(l) = 163*l**2 - 2*l - 15. Let z be x(4). Let v = z - -1056. Is v a prime number?
False
Suppose -h = -5*w - 32, 0 = -4*w - 0*h + 4*h - 16. Is -3*(w/21)/((-1)/(-701)) composite?
False
Suppose -3*o - 2*x - 24 = -5*x, 0 = x + 4. Is 6/o + (-11686)/(-4) prime?
False
Let i(z) = 2975*z - 878. Is i(23) prime?
True
Let c(l) = -4 - 3*l 